e factors of 362676722.
2, 47, 193, 19991
List the prime factors of 394029141.
3, 11, 11940277
List the prime factors of 135799832.
2, 7, 2424997
List the prime factors of 2518048078.
2, 7, 13, 13835429
What are the prime factors of 120783890?
2, 5, 47, 79, 3253
List the prime factors of 4436251255.
5, 373, 503, 4729
List the prime factors of 2550405.
3, 5, 11, 13, 29, 41
List the prime factors of 7167508.
2, 53, 33809
What are the prime factors of 257589385?
5, 31, 227, 7321
What are the prime factors of 98409015?
3, 5, 109, 20063
What are the prime factors of 685042709?
13, 491, 107323
What are the prime factors of 127780908?
2, 3, 17, 626377
What are the prime factors of 187110391?
13, 14393107
What are the prime factors of 69738797?
19, 3670463
What are the prime factors of 3649495215?
3, 5, 23, 10578247
List the prime factors of 395381325.
3, 5, 17, 53, 5851
What are the prime factors of 21158361?
3, 7, 111949
List the prime factors of 1752384967.
1752384967
What are the prime factors of 1365513650?
2, 5, 89, 306857
What are the prime factors of 80792831?
7, 647, 17839
What are the prime factors of 1465407037?
73, 2797, 7177
List the prime factors of 952748453.
79, 97, 101, 1231
What are the prime factors of 180289291?
7, 13, 1981201
List the prime factors of 473306039.
8353, 56663
What are the prime factors of 9599860?
2, 5, 677, 709
List the prime factors of 288369449.
53, 1487, 3659
List the prime factors of 50465477.
50465477
What are the prime factors of 329618034?
2, 3, 463, 39551
List the prime factors of 760224488.
2, 1259, 75479
What are the prime factors of 82821000?
2, 3, 5, 19, 1453
What are the prime factors of 97243092?
2, 3, 59, 5087
What are the prime factors of 80326555?
5, 389, 41299
What are the prime factors of 65052302?
2, 7, 17, 39047
List the prime factors of 65499667.
65499667
What are the prime factors of 440631268?
2, 7, 11, 317, 4513
What are the prime factors of 2718073237?
11, 17, 14535151
List the prime factors of 20169361.
17, 353, 3361
What are the prime factors of 48144891?
3, 31, 79, 6553
List the prime factors of 34816689.
3, 31, 41597
List the prime factors of 1823522808.
2, 3, 75980117
What are the prime factors of 62762793?
3, 17, 71, 17333
List the prime factors of 2305290984.
2, 3, 17, 5650223
What are the prime factors of 3780352?
2, 14767
List the prime factors of 3266265219.
3, 7, 83, 1051, 1783
List the prime factors of 1813740903.
3, 13, 41, 43, 977
What are the prime factors of 16888511?
19, 888869
What are the prime factors of 68503851?
3, 13, 585503
What are the prime factors of 79467147?
3, 2081, 4243
What are the prime factors of 5509281058?
2, 2754640529
What are the prime factors of 383476017?
3, 97, 1317787
List the prime factors of 474975616.
2, 1381, 2687
List the prime factors of 64695030.
2, 3, 5, 17, 47, 2699
List the prime factors of 2570022087.
3, 47, 173, 105359
List the prime factors of 1633943753.
13, 31, 4054451
List the prime factors of 121081715.
5, 24216343
List the prime factors of 729767633.
7, 443, 33619
What are the prime factors of 247686386?
2, 123843193
List the prime factors of 52881509.
17, 182981
What are the prime factors of 1029602731?
73, 653, 21599
List the prime factors of 130013571.
3, 43337857
What are the prime factors of 1644134906?
2, 17, 48356909
What are the prime factors of 68635781?
239, 287179
List the prime factors of 1179352817.
21061, 55997
What are the prime factors of 265318135?
5, 73, 726899
List the prime factors of 44334316.
2, 13, 852583
What are the prime factors of 1152491674?
2, 7243, 79559
List the prime factors of 211495039.
7, 83, 313, 1163
List the prime factors of 66686241.
3, 22228747
What are the prime factors of 102754956?
2, 3, 31, 281, 983
List the prime factors of 155486167.
101, 1539467
What are the prime factors of 2860343?
181, 15803
List the prime factors of 171873847.
379, 569, 797
What are the prime factors of 37201865?
5, 17, 541, 809
What are the prime factors of 234473454?
2, 3, 23, 62929
What are the prime factors of 229921494?
2, 3, 11, 3483659
What are the prime factors of 308118255?
3, 5, 20541217
What are the prime factors of 2603706907?
149, 17474543
List the prime factors of 216504911.
7, 17, 23, 79103
What are the prime factors of 23854561?
163, 146347
What are the prime factors of 129510973?
19, 6816367
What are the prime factors of 198304334?
2, 31, 1129, 2833
List the prime factors of 166465479.
3, 17, 19, 37, 4643
List the prime factors of 53638860.
2, 3, 5, 11, 67, 1213
List the prime factors of 1312978650.
2, 3, 5, 31, 373, 757
What are the prime factors of 14243227?
1193, 11939
What are the prime factors of 232554601?
337, 690073
What are the prime factors of 744713634?
2, 3, 7, 17731277
What are the prime factors of 161212342?
2, 2069, 38959
What are the prime factors of 1287762709?
23, 353, 158611
List the prime factors of 64397283.
3, 21465761
What are the prime factors of 132087765?
3, 5, 8805851
What are the prime factors of 49149178?
2, 13, 1301, 1453
List the prime factors of 3093564145.
5, 7, 88387547
What are the prime factors of 843602007?
3, 53, 5305673
What are the prime factors of 2009390092?
2, 167, 397, 7577
What are the prime factors of 79016848?
2, 4938553
List the prime factors of 61128160.
2, 5, 71, 5381
List the prime factors of 35197506.
2, 3, 1955417
List the prime factors of 117866469.
3, 7, 29, 193541
What are the prime factors of 799245777?
3, 11, 53, 41543
What are the prime factors of 1171437?
3, 390479
List the prime factors of 41322879.
3, 13, 103, 127
List the prime factors of 658607230.
2, 5, 179, 263, 1399
What are the prime factors of 28610537?
28610537
What are the prime factors of 4062740439?
3, 67, 20212639
What are the prime factors of 85625420?
2, 5, 4281271
What are the prime factors of 220969309?
11, 20088119
List the prime factors of 1128535790.
2, 5, 112853579
List the prime factors of 1653306801.
3, 551102267
List the prime factors of 100302927.
3, 83, 402823
List the prime factors of 43734738.
2, 3, 31, 73, 3221
List the prime factors of 61735046.
2, 30867523
What are the prime factors of 257436276?
2, 3, 31, 151, 4583
List the prime factors of 352504192.
2, 2753939
List the prime factors of 536589571.
7, 31, 1237, 1999
List the prime factors of 166801374.
2, 3, 2833, 3271
List the prime factors of 1223503733.
1223503733
List the prime factors of 124172402.
2, 47, 1320983
What are the prime factors of 110795739?
3, 131, 281923
What are the prime factors of 2982962371?
107, 27878153
List the prime factors of 23961925.
5, 13, 17, 4337
What are the prime factors of 2514741451?
2514741451
What are the prime factors of 46899967?
23, 443, 4603
List the prime factors of 2321948680.
2, 5, 2377, 24421
What are the prime factors of 46700541?
3, 67, 77447
What are the prime factors of 82950522?
2, 3, 37, 491, 761
List the prime factors of 2039313689.
7, 291330527
List the prime factors of 1662335308.
2, 19, 107, 367, 557
List the prime factors of 113977246.
2, 601, 94823
What are the prime factors of 26659653?
3, 8886551
List the prime factors of 36218521.
36218521
What are the prime factors of 2086897770?
2, 3, 5, 97, 26561
What are the prime factors of 135117091?
67, 2016673
What are the prime factors of 78413742?
2, 3, 11, 396029
What are the prime factors of 162425949?
3, 7, 73, 105953
What are the prime factors of 1143961954?
2, 131, 4366267
List the prime factors of 262793106.
2, 3, 17, 83, 3449
List the prime factors of 67251890.
2, 5, 41, 61, 2689
List the prime factors of 1040030386.
2, 17, 30589129
List the prime factors of 3310875.
3, 5, 109
List the prime factors of 711695117.
7, 31, 109, 30089
List the prime factors of 2467375448.
2, 29, 109, 97571
What are the prime factors of 194691370?
2, 5, 41, 474857
List the prime factors of 126287733.
3, 11, 13, 23, 12799
List the prime factors of 2608063540.
2, 5, 61, 601, 3557
What are the prime factors of 450154167?
3, 127, 1181507
List the prime factors of 371495954.
2, 23, 8075999
What are the prime factors of 796423838?
2, 7, 173, 328829
What are the prime factors of 1239454160?
2, 5, 7, 2213311
List the prime factors of 549509761.
131, 173, 24247
List the prime factors of 31426689.
3, 7, 4363
What are the